of 0 - (-1 - (-5 - -1))?
-3
Calculate -1 + (1 - 0 - -1 - 1).
0
What is the value of -6 + -1 + -1 + 7 - 2?
-3
Evaluate -3 - -5 - -4 - (-4 + 4).
6
What is -10 + (-6 - (5 + -7)) + 8?
-6
What is the value of 7 + (1 - (-1 + 8 + 0))?
1
Evaluate -6 + (-7 + 20 - 11).
-4
-7 + 6 + (-1 - -7)
5
0 + 0 + (-7 - -5) - 3
-5
Evaluate -3 + 4 - (-2 - 0) - 6.
-3
Evaluate (0 + -5 - -4) + 4 + -3.
0
What is -4 - -3 - (1 - (3 + -2))?
-1
What is the value of -4 + 2 + (-5 - -10)?
3
Evaluate -2 - (-3 + -1 + (-5 - -6)).
1
What is the value of -3 + 9 + 3 - 7?
2
What is -5 - (-1 + -1 - 6)?
3
What is (2 + -6 - -4) + 4 + 2?
6
Calculate -19 + 17 + -13 + 10.
-5
What is (4 + 2 - 4) + -1 + -6?
-5
What is 1 - (6 + -4 + -1)?
0
3 + -10 + (-1 - (2 + -8))
-2
Evaluate 0 + 0 - ((-6 - -14) + -5).
-3
What is the value of -7 + 12 - (7 - (-1 - 1))?
-4
Calculate (-3 - -10 - 1) + -5.
1
Calculate 1 + 3 - (0 + (-3 - -6)).
1
15 - (-2 + (2 - -8))
7
Evaluate 2 + 5 + (2 - (1 - -4)).
4
What is the value of (14 - 5) + -5 - 0 - 6?
-2
Calculate 3 + (0 - (3 - (-5 + 0))).
-5
What is the value of -1 + 0 + 0 + (-2 - 0)?
-3
Evaluate 13 + (-5 - (4 + (-5 - -4))).
5
-10 - (-14 + (-5 - -3 - -9))
-3
What is the value of (25 - 27) + (0 - 1)?
-3
Calculate -1 + (3 - (2 + 6 + -3)).
-3
(-15 - -4) + 3 - -12
4
Evaluate (5 - 2 - 2) + 17 + -16.
2
What is the value of (-1 - 0) + (-12 - (-17 - -10))?
-6
Calculate -1 + (15 - 11) + 5.
8
Calculate -4 + 0 + 4 + (2 - 6).
-4
Calculate (0 - -6) + -8 + -9 + 11.
0
What is the value of 2 + 14 + (4 + -9 - 3)?
8
What is -1 + -5 + (-15 + 11 - -19)?
9
Calculate (1 - (4 - 3)) + -3 + -1.
-4
Calculate (-2 - (-1 + -3)) + 2.
4
What is the value of -10 - -6 - 3 - 0?
-7
-7 - (-3 - (0 + -5 - -2))
-7
Evaluate -54 + 48 + 1 + 3 - -3.
1
-2 + -1 + -5 + 7
-1
Calculate -4 - 0 - 0 - -5 - 0.
1
Evaluate 3 - (10 - (21 + -5)).
9
Calculate 6 - (14 + -7 - 6).
5
Evaluate 5 + (-11 - (12 - 22)).
4
What is the value of 2 + 1 + 1 - (0 + 5)?
-1
What is (1 - (2 + 2)) + 7?
4
-45 + 43 + 2 + (0 - -1)
1
Calculate -4 + (6 - 11) + 7.
-2
What is the value of 2 - (1 + -4 - -3) - -4?
6
-6 + (1 - (1 + 0 + -1))
-5
Calculate -4 + 0 + 5 + 8 - 7.
2
What is (-7 - -6) + -1 - -7?
5
-8 + (3 - -3) - -1
-1
What is 0 + -7 + -2 + 15?
6
-6 + 2 + 2 + -3
-5
What is the value of -6 + 3 - 2 - -1?
-4
Calculate 1 - -1 - 2 - (20 - 16).
-4
What is the value of -3 - (-10 + 4 + -2)?
5
Evaluate (3 - (4 + 0 + -4)) + 0.
3
1 - (-14 - -24) - -10
1
What is the value of -15 - -7 - (-1 - (3 + -1))?
-5
What is 4 + (-14 - -6) + 3?
-1
What is -4 - (-3 - -1) - (-18 - -21)?
-5
What is -5 + (0 - -4) + -2 + 7?
4
Evaluate -5 - (1 - 4 - 0).
-2
What is the value of 2 - (3 + -4 - -7)?
-4
Calculate -4 + 5 - (4 + -5 - 0).
2
Calculate (4 - 1) + (-1 + 0 - -3).
5
Evaluate 4 + -1 + 0 + 2.
5
Evaluate 0 + (-1 - 5 - (-73 + 67)).
0
What is -2 + 7 - (10 - -1)?
-6
Evaluate (1 - 8) + 14 - 1.
6
What is the value of 1 + 2 + -5 + 4 + -5?
-3
Evaluate 19 + -36 + 11 - (1 - 9).
2
Evaluate (2 - -6) + -5 + 6 - 1.
8
(5 + 0 - 2) + -3 + 3
3
Calculate (-6 - (-2 - 7)) + 4.
7
Evaluate -16 - (-10 + (15 - 13)).
-8
Calculate (0 - (0 - 2)) + (0 - 6).
-4
-2 + 8 + -2 + -1 + 0
3
What is the value of -8 - -8 - (-6 + 1 + 0)?
5
What is (0 - 2) + (3 - (-2 - -3))?
0
What is -2 + 4 + 1 + -1?
2
0 + -4 - (-1 + -8)
5
Calculate 9 + (-18 - -10) + (-3 - -9).
7
Evaluate -2 + (2 - 4) + (-35 - -45).
6
(2 - 3) + (4 - (1 - 1))
3
What is the value of -5 + 5 + -2 + 6?
4
0 + 2 - 0 - (23 - 20)
-1
Evaluate 3 + -1 + -8 - -10.
4
What is the value of -3 + 17 - (6 + -1)?
9
What is -6 + (-3 - -7 - 3)?
-5
What is the value of -1 - -9 - (14 - 1)?
-5
(-2 - 2 - -2) + 1 + -4
-5
What is 5 + (-2 - 0) + 12 + -11?
4
Calculate (11 - -5) + -8 - 16 - -1.
-7
What is the value of -1 + 0 + -9 + (8 - -2)?
0
What is the value of (-4 - -4) + -7 - -3?
-4
What is the value of 6 - (11 - (-3 - -7))?
-1
Evaluate -51 - -54 - (2 + 7).
-6
(0 - (-3 + 4 + -2)) + -3
-2
What is (2 - -2) + 10 + -11?
3
What is 3 + 1 + (-2 - 2)?
0
What is the value of 1 - (-4 + 2 - 4) - 3?
4
What is -8 - 2 - (-11 - -8)?
-7
What is the value of (2 + -4 - -4) + (-7 - -4)?
-1
Evaluate -5 - (8 + -13 - (0 - -5)).
5
What is the value of (4 - 3) + 4 - (-2 + 13)?
-6
Calculate -9 + (-3 - (-11 + 1)).
-2
3 + -6 - (-3 - (0 + -3))
-3
(1 + -1 - (-3 - -8)) + 0
-5
What is the value of -1 + 5 - (7 - (7 + -7))?
-3
4 + (1 + -1 - 2)
2
Evaluate -5 - (3 + 3 + -6 + 0).
-5
What is the value of 0 + -2 + -45 + 44?
-3
Calculate 13 + -7 + (-5 - 3).
-2
What is the value of 1 + -1 - 1 - -2?
1
Calculate -2 + -3 + 0 + 8.
3
What is -6 - -8 - (2 - 2)?
2
-2 - -3 - (-24 + 23)
2
Calculate -9 + 1 + 7 + (1 - 2).
-2
Evaluate -4 - -3 - 4 - (2 + -12).
5
Evaluate 4 - (-4 + (4 - -6)).
-2
-10 + 6 + -4 + 1 + 2
-5
-2 + (3 - 1) - (1 + 1)
-2
What is (-4 + -6 - -3) + 8?
1
What is (8 - 4) + -8 + (1 - -1)?
-2
Calculate 6 - (5 - 10 - (-6 - 4)).
1
Calculate 0 - -6 - (12 - (1 - -10)).
5
What is the value of 25 + -23 + 0 + 3?
5
Calculate 84 - 74 - (2 + (4 - 3)).
7
Evaluate 0 - (3 - 2) - 1.
-2
2 - (-3 - ((3 - 1) + -4))
3
Evaluate 16 + -6 + (-16 - -4).
-2
What is -10 - -7 - 6 - (0 + -3)?
-6
Evaluate -36 + 41 + (-3 - -1).
3
2 + 5 + -2 + (1 - 3)
3
What is the value of -6 + 6 + 8 + -12?
-4
Evaluate -1 + -14 + -19 + 25.
-9
Evaluate (2 - -3) + -20 + 18 + -4.
-1
Calculate (3 - (-6 + 11)) + -4.
-6
What is 5 - (1 - (2 + -5))?
1
What is the value of (-3 - -1) + (-6 + 12 - 3)?
1
Evaluate 2 + (-5 - -1) - (-1 - -4).
-5
Calculate 1 + -1 - (2 - -3).
-5
What is -5 + 4 - (-6 - -6) - -4?
3
What is 4 + -1 + 23 + 2 + -33?
-5
Calculate 1 - ((5 - 9) + 0 + 2).
3
What is the value of 35 + -36 + (1 - 7)?
-7
What is -3 + 0 - (1 - 0 - 4)?
0
Calculate -3 + (0 - 2 - (-1 - 7)).
3
Evaluate (5 + 12 - 15) + -5 + 0.
-3
Calculate (-2 - 1) + (3 - 1).
-1
-7 - -12 - (6 + -1)
0
Evaluate (3 - (4 + -9)) + -5.
3
What is the value of 1 + -4 + 3 + -4?
-4
Evaluate -5 + (7 - (-2 + (-2 - -6))).
0
-1 + 6 + -1 + (-16 - -14)
2
What is (2 - 1) + (-3 - (1 - 4))?
1
-8 - (7 + -14 + (-8 - -13))
-6
Evaluate -1 - (-3 + -5 + 16 - 6).
-3
Evaluate -3 + (11 - (-1 - -7)).
2
What is the value of 3 - (-1 - -2 - (6 + -6))?
2
Evaluate -1 + 7 + -10 + -3.
-7
Calculate 5 - (2 - -5 - 5).
3
What is 2 + (3 - -1) + -2 + 0?
4
Evaluate 1 + 4 + 1 + -4.
2
Evaluate -3 - ((-1 - -3) + 0 + -4).
-1
What is the value of 1 - (-3 + 6 + -3 + -4)?
5
What is the value of 2 - -3 - (1 + 2 + 1)?
1
What is (-2 - -9 - 13) + (-2 - -1)?
-7
What is 8 + -5 - (6 - (-2 + -1))?
-6
Calculate 2 + -7 + (26 - 26).
-5
Evaluate -7 - (3 - (-10 - -16)).
-4
2 + (2 - -6) + -4
6
-5 + (1 - (-5 + 4))
-3
What is 1 - ((1 - -4) + -4)?
0
Evaluate (4 - 2) + (2 - (2 - -4)).
-2
19 - (6 + (19 - 14))
8
What is the value of 3 + -13 - (4 + -12)?
-2
What is 4 + -3 + 6 + -5?
2
Calculate 4 + -5 - (0 + -2 - 3).
4
Calculate -5 + (1 - (1 + 0)).
-5
-3 + -11 - -11 - (-1 - 4)
2
Evaluate 12 - 0 - (15 + -10 + 1).
6
6 - (3 - (2 + -3))
2
Calculate (-12 - -5) + (-1 - -9) + -5.
-4
Calculate (-1 - (0 + -3)) + -4.
-2
What is 0 + 3 + -2 + 4?
5
What is the value of 1 + (-9 - 0 - -2)?
-6
Evaluate 27 + -27 - (-3 + -1 + 0).
4
Calculate 31 + -25 - ((3 - 2) + 2).
3
What is the value of (-5 - -14) + -7 + (-1 - 3)?
-2
Evaluate -11 + 2 + -1 - -2.
-8
What is the value of 6 + (-4 - (3 - (-4 - -5)))?
0
-9 + 8 + (-5 + 3 - 1)
-4
Calculate -4 + 8 + (-4 - 0).
0
Evaluate -1 - -11 - (32 - 26).
4
What is 3 - ((2 - 2 - -2) + -4)?
5
Calculate 9 + 4 + 8 + -17.
4
What is -13 + 12 + (1 - 2)?
-2
Evaluate (10 - (3 - 5)) + -20.
-8
Evaluate -2 + (-6 - -7 - (5 + 0)).
-6
What is the value of (0 - (0 - 1)) + 3 + -7?
-3
What is -8 - -8 - (1 + 1 - -3)?
-5
What is (0 - (2 + -4)) + (7 - 2)?
7
Calculate (3 - 1) + -4 + (5 - 0).
3
Calculate (0 - (-1 + -1)) + -37 + 30.
-5
-16 - -12 - (2 - (1 + 9))
4
What is (1 - -2) + 0 + -2 - 2?
-1
Evaluate (2 - -5 - 1) + -24 + 24.
6
What is (7 - 3) + 4 + -2 + -4?
2
Calculate -6 + -1 + (9 - (0 - -4)).
-2
What is the value of -1 + (4 - 1 - (9 - 12))?
5
What is the value of 1 + (1 - 3) + 1 + 1?
1
What is 0 - (-5 + 4 + 6)?
-5
0 + 2 + 2 + -1
3
What is (-4 - -4 - -1) + 2?
3
Calculate 0 - (3 + (2 - 1) + -3).
-1
What is the value of (-2 - 0) + 0 - -4?
2
Evaluate -14 + (-3 - -7) - -8.
-2
Evaluate 5 - ((-5 - -10) + 5).
-5
What is the value of 27 + -23 + (2 - 4)?
2
What is the value of -1 + 3 + 2 + 3?
7
Evaluate -7 + (4 - (4 + -5 - -4)).
-6
Calculate 4 + -3 + 6 + 0.
7
Evaluate 0 